89533 prime?
False
Is 70190881 a composite number?
True
Is 77578439 a prime number?
False
Is 12441857 a composite number?
True
Is 505526397 composite?
True
Is 174806467 prime?
False
Is 77114209 a prime number?
False
Is 8931655 composite?
True
Is 28216339 a composite number?
False
Is 14262751 prime?
False
Is 1786319 composite?
True
Is 84891139 composite?
True
Is 399125687 a composite number?
False
Is 243149719 a composite number?
False
Is 99285733 composite?
True
Is 2213923 prime?
True
Is 12291179 a prime number?
True
Is 2567 prime?
False
Is 31277185 composite?
True
Is 1263718 composite?
True
Is 980711 a prime number?
True
Is 54378853 composite?
True
Is 19460681 composite?
False
Is 2346517 a composite number?
True
Is 37727731 a prime number?
True
Is 29494123 a prime number?
True
Is 659899 composite?
False
Is 43639529 a composite number?
False
Is 95391481 a prime number?
True
Is 1065173 a prime number?
True
Is 40671383 composite?
True
Is 894997 a prime number?
True
Is 22709663 a composite number?
False
Is 2300743 prime?
False
Is 337907909 a composite number?
False
Is 2754847 composite?
False
Is 144054205 a prime number?
False
Is 28450141 a composite number?
False
Is 7092221 composite?
True
Is 101655041 a prime number?
True
Is 101212235 a composite number?
True
Is 39139781 a composite number?
False
Is 80904121 prime?
True
Is 1961 prime?
False
Is 13832329 a composite number?
True
Is 241953213 a composite number?
True
Is 19442327 composite?
False
Is 255715829 prime?
True
Is 296884933 composite?
True
Is 142116951 prime?
False
Is 8699021 composite?
True
Is 326112847 composite?
False
Is 45068897 a prime number?
False
Is 3794991 prime?
False
Is 18266131 composite?
True
Is 354898569 a prime number?
False
Is 22106359 a prime number?
False
Is 9204983 a composite number?
False
Is 174647719 composite?
False
Is 683321279 a prime number?
False
Is 239167 prime?
True
Is 88485329 a composite number?
False
Is 5929939 composite?
False
Is 207696981 prime?
False
Is 1794127 a composite number?
False
Is 50296067 a prime number?
True
Is 99784279 composite?
True
Is 170263 prime?
True
Is 2835751 a prime number?
True
Is 2374318 prime?
False
Is 11706271 composite?
False
Is 44535919 a prime number?
True
Is 2607635 composite?
True
Is 20283821 a prime number?
True
Is 382504627 composite?
True
Is 7487327 composite?
True
Is 99523 prime?
True
Is 7210877 a prime number?
True
Is 2957987 composite?
True
Is 832583 composite?
False
Is 15682817 prime?
True
Is 311407 a composite number?
False
Is 1082083 composite?
False
Is 1617433 composite?
False
Is 100553857 a composite number?
False
Is 228032629 composite?
True
Is 781934537 a prime number?
False
Is 6401951 a composite number?
True
Is 9935069 prime?
False
Is 840179 composite?
False
Is 4079717 a composite number?
True
Is 1683203 a composite number?
True
Is 695629709 composite?
False
Is 542513234 composite?
True
Is 3367745 prime?
False
Is 348840242 prime?
False
Is 15289463 a prime number?
False
Is 995057 a prime number?
False
Is 57702635 a composite number?
True
Is 9418343 a composite number?
True
Is 5038223 composite?
True
Is 3043823 a composite number?
False
Is 11941091 prime?
False
Is 5885351 a composite number?
True
Is 16402753 prime?
True
Is 21236561 composite?
False
Is 312751 prime?
False
Is 12992543 a composite number?
False
Is 1555489 a prime number?
False
Is 719430158 a composite number?
True
Is 389357 composite?
False
Is 32744489 a prime number?
True
Is 664108807 a prime number?
True
Is 2378443 a prime number?
True
Is 14778031 a prime number?
False
Is 37499663 composite?
True
Is 2259823 a prime number?
True
Is 32972207 composite?
False
Is 230791973 a composite number?
False
Is 16993859 a prime number?
False
Is 64203229 a composite number?
False
Is 232613 prime?
False
Is 26307709 prime?
False
Is 1399117 prime?
False
Is 23003021 a prime number?
True
Is 146112481 prime?
True
Is 1596029 a composite number?
False
Is 95065387 prime?
True
Is 10184222 composite?
True
Is 2592081959 a composite number?
False
Is 19535449 prime?
True
Is 4973959 composite?
False
Is 19134187 prime?
False
Is 17473601 prime?
True
Is 353201 prime?
True
Is 3219467 a prime number?
False
Is 275190967 a prime number?
True
Is 726871 a composite number?
True
Is 44929393 a prime number?
True
Is 72071015 a composite number?
True
Is 2702107 a composite number?
False
Is 127588589 prime?
True
Is 3668485 composite?
True
Is 4355597 a composite number?
True
Is 17235197 composite?
True
Is 718045 a prime number?
False
Is 6019961 prime?
False
Is 9113429 a prime number?
False
Is 1203167 prime?
False
Is 208711 composite?
True
Is 1749779 a composite number?
False
Is 1029253259 a composite number?
False
Is 204085199 prime?
False
Is 53503 prime?
True
Is 18046102 a prime number?
False
Is 40523111 a prime number?
False
Is 23944363 prime?
True
Is 871517 a prime number?
True
Is 5260747 a composite number?
False
Is 64914727 a composite number?
True
Is 24474445 a prime number?
False
Is 205676698 a prime number?
False
Is 852881 prime?
True
Is 37855841 composite?
True
Is 7545329 a composite number?
True
Is 643127 prime?
False
Is 16447229 a composite number?
True
Is 5312887 prime?
False
Is 1123961 a prime number?
True
Is 348817 prime?
False
Is 641129 composite?
False
Is 4145642 prime?
False
Is 29694361 composite?
False
Is 2004311 prime?
False
Is 82915883 composite?
False
Is 487349 composite?
False
Is 130480469 a composite number?
True
Is 4288391 composite?
False
Is 591827 prime?
True
Is 379222303 a prime number?
False
Is 958516301 prime?
False
Is 11591113 a prime number?
True
Is 102210449 prime?
False
Is 129466109 a prime number?
True
Is 28989157 prime?
True
Is 1003073 prime?
False
Is 8722937 composite?
True
Is 6217831 a composite number?
False
Is 1748386 prime?
False
Is 132575951 a prime number?
False
Is 3087169 composite?
True
Is 7577137 composite?
False
Is 1987543 composite?
False
Is 236423653 prime?
True
Is 150698017 a composite number?
False
Is 1024213 composite?
True
Is 193632973 a prime number?
False
Is 565927 composite?
True
Is 357091559 a prime number?
False
Is 30152809 a prime number?
True
Is 365624401 composite?
False
Is 21322573 a prime number?
False
Is 4770307 prime?
False
Is 2189891 composite?
True
Is 2178667 composite?
True
Is 124095431 prime?
False
Is 33352103 composite?
True
Is 30925781 a prime number?
True
Is 2064035 a composite number?
True
Is 11973697 prime?
True
Is 59796953 composite?
False
Is 61034613 prime?
False
Is 212454953 a prime number?
True
Is 38992867 prime?
False
Is 52544653 prime?
False
Is 1695839 a composite number?
False
Is 972451 composite?
True
Is 167309 a composite number?
False
Is 25501978 prime?
False
Is 11095387 a composite number?
True
Is 28834342 composite?
True
Is 9032981 prime?
True
Is 19838921 a prime number?
True
Is 12720707 a prime number?
True
Is 1475314 composite?
True
Is 18597841 prime?
True
Is 29981555 a composite number?
True
Is 82408498 a composite number?
True
Is 3717847 prime?
False
Is 4353883 a prime number?
True
Is 623521 composite?
False
Is 4903237 a composite number?
False
Is 35287813 a composite number?
True
Is 109560119 a composite number?
False
Is 2580985757 prime?
False
Is 7316641 a prime number?
True
Is 1077793 composite?
False
Is 64445027 composite?
False
Is 164051441 a prime number?
True
Is 2292203 a composite number?
True
Is 1529821 a composite number?
True
Is 196547227 a prime number?
True
Is 24832469 a prime number?
True
Is 1417933 a composite number?
True
Is 7067323 prime?
False
Is 35873447 prime?
True
Is 5074499 prime?
False
Is 4745833 a composite number?
False
Is 1676671 a prime number?
False
Is 82918697 prime?
True
Is 28838617 a prime number?
False
Is 153944927 a prime number?
False
Is 112986839 composite?
True
Is 38607157 a prime number?
True
Is 4810921 a composite number?
True
Is 8210105 prime?
False
Is 12375163 prime?
False
Is 59404793 prime?
False
Is 14347163 composite?
True
Is 621799 prime?
True
Is 1017817 composite?
False
Is 27540569 composite?
True
Is 541154249 prime?
True
Is 140275607 composite?
False
Is 36050881 composite?
True
Is 5008173 composite?
True
Is 277860017 a prime number?
True
Is 54297391 a prime number?
True
Is 6894521 a prime number?
True
Is 10424069 a composite number?
False
Is 2746105 a pr